212. Does 16 divide 2/(-11) - z/(-11)?
True
Let y = 66 - 24. Suppose -6*n + y = -3*n. Is n a multiple of 7?
True
Let l(f) = 4*f**2 - 2*f**2 + 5*f + 3 + 1. Suppose 4*h + 2*j + 10 = 0, 0 = -2*h + 5*h + 2*j + 6. Is 8 a factor of l(h)?
True
Suppose -j = -5*t - 139, 5*t = 5*j - 801 + 6. Does 41 divide j?
True
Let s(a) = -a**2 + 12*a. Is s(9) a multiple of 9?
True
Let j(t) = 3*t + 1. Let m(w) = -16*w - 5. Let k(g) = 11*j(g) + 2*m(g). Let n be 0 + (8 - 1) - 1. Does 7 divide k(n)?
True
Let z be (8*2 - 1) + -1. Suppose 3*y - z = 2*y. Is y a multiple of 10?
False
Suppose -25 = -5*j + 25. Let w = j + -4. Is w even?
True
Suppose 3*i = -2*l + 19, 0*l - l + 12 = 2*i. Suppose -i*d + 22 = -3. Does 3 divide d?
False
Suppose -l = -2*f + l - 10, 20 = -3*f + 4*l. Let g = 21 - 17. Suppose -i - 2 = f, -y - 3*i = g*y - 79. Is y a multiple of 11?
False
Suppose 8 = v - 5*v. Let b = 3 - v. Suppose 3*c + b = -q + 28, -2*c + 13 = 3*q. Is c a multiple of 4?
True
Suppose -15 = -3*z, 5*z - 4 = k - 41. Let v = k + -34. Is v a multiple of 14?
True
Let q be ((-12)/5)/(6/(-15)). Suppose -q*z = -3*z - 6. Suppose 0 = -4*i + z*i + 3*s + 80, 0 = -2*i + 2*s + 76. Is 17 a factor of i?
True
Suppose 4*x + 4*f - 220 = 0, 7*x - 278 = 2*x - 2*f. Is 14 a factor of x?
True
Suppose 0 = -4*c + 5*c - 10. Is 10 a factor of c?
True
Let o(h) = -h**3 + 7*h**2 + 4*h + 9. Is 23 a factor of o(6)?
True
Let y = 12 - 21. Is (y/(-6))/((-3)/(-4)) a multiple of 2?
True
Let h(i) = i**3 - 4*i**2 - i + 1. Let a be h(4). Let n = a + 3. Suppose -72 = -5*k - o, 0*k - k - 4*o + 3 = n. Is 7 a factor of k?
False
Let h(u) = -2*u**2 + 2*u - 1. Let m(p) = p**2 - 3*p + 1. Let r(l) = -4*h(l) - 3*m(l). Let b be r(-3). Let c = b + -20. Is c a multiple of 13?
False
Let u = 77 - 37. Is u a multiple of 12?
False
Let k be (4/(-8)*0)/(-3). Suppose 5*l - 28 - 62 = k. Does 6 divide l?
True
Let g be (-1)/(-3) + (-64)/12. Let c(l) = -5*l**2 + 1 - 2*l + 3 + 0*l**3 - l**3 + 0. Is 7 a factor of c(g)?
True
Let x(t) = -t**2 + 6*t + 6. Is 11 a factor of x(5)?
True
Suppose -3*p - 2 - 8 = -5*d, 0 = -p + d. Suppose 0 = 3*b + 5*o - 2*o - 57, p*b - 3*o = 71. Is b a multiple of 8?
True
Suppose -3*u + 0*l + 831 = -3*l, -1340 = -5*u - 4*l. Does 13 divide u?
False
Let q = 25 + 8. Is 8 a factor of q/4 + (-4)/16?
True
Let i = 3 + -8. Suppose -2*w - 108 = 4*z + 3*w, 4*w = 0. Let c = i - z. Does 10 divide c?
False
Suppose 3*b = 7 + 197. Suppose -4*h + b = -28. Is h a multiple of 12?
True
Let o(v) be the second derivative of 4/3*v**3 + 1/12*v**4 - 3*v + 0 + 3*v**2. Does 9 divide o(-10)?
False
Let m(b) be the second derivative of b**7/1260 + b**4/6 + 2*b. Let g(t) be the third derivative of m(t). Is 7 a factor of g(-3)?
False
Let m(y) = 5*y - 7. Let x = 1 - -3. Suppose p = 5*g - 15, 0*p - 4*p + 4*g = -x. Is m(p) a multiple of 8?
False
Suppose 3*x = -5*w + 7 + 25, -5*x = 5*w - 40. Suppose -x*m + m + 6 = 0. Suppose -16 = -4*h, -m*n - 2*h + 48 = h. Does 9 divide n?
True
Let t(p) = -18*p + 5. Let d be t(-4). Let s = d - 52. Suppose r + 104 = 5*y, 2*y - 3*y - 4*r = -s. Is y a multiple of 10?
False
Suppose 2*h = 3*h - 3. Suppose -3*z - h*q = -108 - 72, 4*q = 2*z - 120. Is 15 a factor of z?
True
Suppose s - 372 = -5*s. Does 11 divide s?
False
Let c(k) = 2*k. Let o be c(-2). Let a(l) = l + 5. Let v be a(o). Is 7 a factor of 14 + 0/(-3 + v)?
True
Let u = 15 - -15. Is u a multiple of 15?
True
Let l = 0 - -2. Suppose 3*c - 5 = -4*f + l*f, -c = -2*f + 9. Suppose -4*o - f*b + 88 = -b, 0 = 4*b. Is o a multiple of 9?
False
Let a = 8 + 29. Is a a multiple of 26?
False
Let b(g) = g**2 - 5*g. Let z be b(5). Suppose -4*w + z*w = 4. Is -2 + (8 - (-1)/w) even?
False
Suppose 2*m = 4*z - 1159 - 303, -3*z = -3*m - 1101. Is z a multiple of 52?
True
Suppose -4*f = 16, 4*s + 0*s + 4*f - 104 = 0. Let u = 50 - s. Is 10 a factor of u?
True
Suppose 0*g - 2*g = 0. Suppose -3*o + 35 + 13 = g. Is 16 a factor of o?
True
Let p(n) = n**3 + 12*n**2 + 7*n + 4. Let g be p(-11). Suppose 7*v = 4*v + g. Does 13 divide v?
False
Is 6/(-63)*(-6 - -3)*749 a multiple of 28?
False
Let g = -82 - -126. Suppose x - g = -12. Does 16 divide x?
True
Suppose 2*x + 0 = 4*k + 2, -5*k - 3*x - 30 = 0. Let c be -1 + 3/(k - 0). Does 8 divide 10 - (c + 3)*2?
True
Let k(o) = o**3 - 7*o**2 - 5*o + 4. Let n be k(8). Suppose -3*z + 5 = 4*g, -3*g - 5*z = -0*z - 1. Suppose n = -g*q + 6*q. Is q a multiple of 5?
False
Does 31 divide (-1086)/(-5) + 1/(-5)?
True
Suppose 4*w - 4*k + 3*k = 365, 5*w + k = 445. Suppose i - w = -2*o, -5*o - 2*i + 226 = i. Let x = 64 - o. Does 10 divide x?
True
Let x = 135 - -29. Is x a multiple of 35?
False
Let z(f) = f**3 - 8*f**2 - 7*f - 13. Let n be z(9). Suppose 2*o - 5*i - 91 = 0, n*o = i + 190 + 49. Does 16 divide o?
True
Suppose 2*v + 9 = 3*v. Let f be (-48)/(-15) - 3/15. Does 10 divide v/f*30/9?
True
Suppose -m = -3*m + 84. Let p = m - 30. Does 6 divide p?
True
Let y = -5 + 48. Suppose -z + y = j, 5*j - 235 = -0*j - z. Does 16 divide j?
True
Is (59/(-3))/(5/(-45)*3) a multiple of 27?
False
Let c(g) = -g**2 + 10*g - 6. Let x be (-4)/24 - 110/(-12). Let o be c(x). Suppose -o*p - s + 30 = 0, 2*p - 3*s - 2*s = 3. Does 9 divide p?
True
Let j be 1172/14 + (-8)/(-28). Is (j/(-9))/((-2)/6) a multiple of 11?
False
Let r = 9 - -2. Does 10 divide r?
False
Let y(i) = -i**3 + 2*i**2 + 4*i - 1. Let v be y(3). Suppose 2*q - q = -2*n + 5, v*q = -n + 22. Let t = 27 - q. Does 7 divide t?
True
Suppose 0 = -4*g + u + 4*u + 6, 2 = u. Suppose 4*x - 2 = -f - 0, 0 = 5*x + g*f - 8. Is (-3 + x)/(3/(-40)) a multiple of 17?
False
Let k(p) be the first derivative of p**3/3 - 5*p - 2. Let h be k(-4). Suppose -3 = i - h. Is 5 a factor of i?
False
Is (-3)/(-6)*(-406)/((-1)/1) a multiple of 42?
False
Let l(q) = q**2 + 10*q + 10. Let c be l(-8). Let i be (3/c + 1)*0. Suppose 53 = 4*b - 3*w, i = -2*b + 4*b + 5*w - 59. Does 10 divide b?
False
Let h = 82 - -65. Is h a multiple of 21?
True
Let n(w) = 77*w**2 + w. Is n(-1) a multiple of 10?
False
Let d be 35/11 - 4/22. Suppose 6 = 4*o + 2, -q = d*o - 7. Is 3 a factor of q?
False
Let s = -3 + 51. Is s a multiple of 24?
True
Let r(u) = u**2 - 21*u + 8. Is r(-8) a multiple of 20?
True
Let c be 1 - 0 - 15/(-3). Does 2 divide ((-2)/4)/(c/(-24))?
True
Let b be 2 - 14*10/4. Let o = b - -55. Is o a multiple of 9?
False
Let h(i) = i - 5. Let y be h(8). Suppose y*v = -v - 3*l + 8, -2 = 2*v + 3*l. Does 4 divide v?
False
Is 12 a factor of 2*(-3 - -2 - -7)?
True
Let u(d) = 156*d + 5. Let k be u(5). Let a be (-2)/(-8) - k/20. Is (1 - a) + -1 + 3 a multiple of 14?
True
Let t(u) = u**2 - 21*u - 9. Is 7 a factor of t(25)?
True
Let s = -5 + 10. Suppose -s*c = -c - 124. Is c a multiple of 8?
False
Suppose -v + 5*j + 2 = 1, -5*j = 3*v - 3. Let a be v/(-5) - 62/(-10). Is 11 a factor of 0 + 21 + a/6?
True
Let j(o) = o**3 - 6*o**2 - 2*o + 9. Let t be j(6). Let p be ((-6)/4)/(t/6). Suppose -5*a + 2 = -2*k + 46, -2*k = -p*a - 36. Is 5 a factor of k?
False
Is ((-140)/6)/((-6)/9) a multiple of 8?
False
Let v = 2 - -1. Let a be 0*3/v*-1. Suppose 0 = w - a*w - 22. Is w a multiple of 21?
False
Suppose 0 = 2*q - 0*q. Let n = q + 2. Is 16 a factor of 21 + n + 1 + -3?
False
Suppose -342 = -7*f + 449. Is 18 a factor of f?
False
Suppose -42 = -23*m + 22*m. Is 20 a factor of m?
False
Let s be 6 + -2 + 0 + 0. Suppose -s*x + 31 = -65. Does 12 divide x?
True
Let p = 242 - 92. Is 8 a factor of p?
False
Let u(l) be the third derivative of l**5/30 - 7*l**4/24 + 5*l**3/6 - 4*l**2. Does 16 divide u(6)?
False
Suppose 2*x - 6 = -0*x. Suppose 26 = -5*k + x*u, -k - 4*u = 4*k + 12. Does 17 divide ((-6)/k)/((-6)/(-136))?
True
Suppose 0 = -4*n + 4*c - 3*c + 238, 0 = -n - 4*c + 68. Does 20 divide n?
True
Suppose -7*d + 15 = 64. Let w(v) = v**2 + 6*v - 4. Let t be w(-6). Let i = t - d. Is i a multiple of 2?
False
Let x = 65 + -19. Let c = -26 + x. Let s = c + -10. Does 9 divide s?
False
Let i(n) = n - 6. Let q be i(5). Let p be 2*3 + (-3 - -2). Let b = p - q. Does 6 divide b?
True
Suppose -l = 3*l - 16. Suppose -2*k - 5 = -k, -2*x - l*k = -52. Suppose -3*i - i + x = 0. Is i a multiple of 4?
False
Let d(h) = 4*h**2 + 7*h. Let x be d(-5). Suppose 2*z - x = -13. Is z a multiple of 26?
True
Let j be -1*(-2 + 3 + 0). Let w = 1 + -1. Does 2 divide 1/(j/(-3) + w)?
False
Let s = -1 - -4. Suppose i + f + 8 = 4*f, 2*f = s*i - 4. Is